factors of 812490.
2, 3, 5, 7, 53, 73
List the prime factors of 3891919.
37, 293, 359
List the prime factors of 260702.
2, 13, 37, 271
What are the prime factors of 1530261?
3, 170029
List the prime factors of 11897655.
3, 5, 7, 11, 10301
What are the prime factors of 3374591?
11, 306781
What are the prime factors of 171477?
3, 29, 73
What are the prime factors of 480855?
3, 5, 32057
List the prime factors of 12842254.
2, 6421127
What are the prime factors of 13659609?
3, 29, 157007
What are the prime factors of 5011039?
11, 17, 127, 211
What are the prime factors of 180420?
2, 3, 5, 31, 97
List the prime factors of 258082.
2, 11, 11731
List the prime factors of 342706.
2, 7, 13, 269
List the prime factors of 1295032.
2, 161879
List the prime factors of 5816051.
43, 135257
List the prime factors of 3119630.
2, 5, 311963
List the prime factors of 139632.
2, 3, 2909
List the prime factors of 4382431.
43, 101917
List the prime factors of 333340.
2, 5, 7, 2381
List the prime factors of 6556371.
3, 251, 8707
List the prime factors of 76965.
3, 5, 7, 733
What are the prime factors of 701824?
2, 5483
List the prime factors of 198175.
5, 7927
List the prime factors of 1651417.
487, 3391
What are the prime factors of 213083?
13, 37, 443
What are the prime factors of 1076732?
2, 269183
List the prime factors of 165265.
5, 33053
List the prime factors of 1449865.
5, 289973
What are the prime factors of 5548789?
5548789
List the prime factors of 14981637.
3, 11, 89, 5101
List the prime factors of 7055546.
2, 47, 1597
What are the prime factors of 381358?
2, 47, 4057
What are the prime factors of 4059363?
3, 7, 11, 17573
List the prime factors of 2249823.
3, 749941
List the prime factors of 6183613.
59, 311, 337
What are the prime factors of 540821?
17, 29, 1097
What are the prime factors of 1657842?
2, 3, 83, 3329
List the prime factors of 7754271.
3, 7, 53, 6967
List the prime factors of 139197.
3, 46399
List the prime factors of 5905713.
3, 11, 19, 9419
List the prime factors of 11504680.
2, 5, 11, 2377
List the prime factors of 9538565.
5, 1907713
List the prime factors of 266264.
2, 83, 401
List the prime factors of 11169445.
5, 7, 319127
List the prime factors of 6040240.
2, 5, 75503
What are the prime factors of 5604222?
2, 3, 13, 71849
What are the prime factors of 1268942?
2, 634471
List the prime factors of 215694.
2, 3, 23, 521
List the prime factors of 904942.
2, 59, 7669
List the prime factors of 13022388.
2, 3, 67, 5399
List the prime factors of 10067074.
2, 19, 43, 61, 101
List the prime factors of 299443.
251, 1193
List the prime factors of 2892875.
5, 23143
List the prime factors of 279438.
2, 3, 46573
What are the prime factors of 478423?
11, 23, 31, 61
List the prime factors of 2023353.
3, 137, 547
List the prime factors of 161310.
2, 3, 5, 19, 283
What are the prime factors of 1531444?
2, 382861
What are the prime factors of 1175480?
2, 5, 29387
What are the prime factors of 137665?
5, 11, 2503
What are the prime factors of 1541519?
7, 220217
What are the prime factors of 696277?
149, 4673
List the prime factors of 19652850.
2, 3, 5, 7, 17, 367
What are the prime factors of 4399364?
2, 1099841
What are the prime factors of 46405?
5, 9281
List the prime factors of 19017510.
2, 3, 5, 593, 1069
List the prime factors of 177730.
2, 5, 7, 2539
List the prime factors of 591181.
591181
List the prime factors of 3600979.
53, 67943
List the prime factors of 3755293.
19, 197647
What are the prime factors of 2812422?
2, 3, 468737
What are the prime factors of 322778?
2, 199, 811
List the prime factors of 12161259.
3, 11, 13649
List the prime factors of 659372.
2, 7, 23549
What are the prime factors of 1587699?
3, 67, 2633
List the prime factors of 630045.
3, 5, 13, 359
List the prime factors of 73100.
2, 5, 17, 43
What are the prime factors of 9256880?
2, 5, 251, 461
What are the prime factors of 696379?
696379
List the prime factors of 151470.
2, 3, 5, 11, 17
What are the prime factors of 12632?
2, 1579
What are the prime factors of 3530878?
2, 13, 139, 977
What are the prime factors of 1445732?
2, 361433
List the prime factors of 31470368.
2, 983449
List the prime factors of 584528.
2, 7, 17, 307
What are the prime factors of 940522?
2, 11, 42751
List the prime factors of 6870060.
2, 3, 5, 38167
List the prime factors of 101815.
5, 7, 2909
What are the prime factors of 22357766?
2, 67, 166849
What are the prime factors of 1476720?
2, 3, 5, 7, 293
What are the prime factors of 159754?
2, 7, 11411
What are the prime factors of 73794?
2, 3, 7, 251
What are the prime factors of 15581093?
11, 43, 32941
What are the prime factors of 330941?
13, 25457
List the prime factors of 1202293.
1202293
List the prime factors of 287886.
2, 3, 47981
List the prime factors of 14191988.
2, 359, 9883
List the prime factors of 1446712.
2, 139, 1301
What are the prime factors of 2400895?
5, 7, 68597
What are the prime factors of 1447625?
5, 37, 313
What are the prime factors of 1640086?
2, 7, 31, 3779
What are the prime factors of 27239464?
2, 7, 19, 25601
List the prime factors of 1770418.
2, 13, 149, 457
List the prime factors of 5088204.
2, 3, 11, 4283
What are the prime factors of 174854?
2, 87427
List the prime factors of 12310615.
5, 2462123
What are the prime factors of 7010895?
3, 5, 29, 71, 227
What are the prime factors of 271897?
271897
List the prime factors of 708811.
733, 967
List the prime factors of 516910.
2, 5, 51691
What are the prime factors of 5677773?
3, 1892591
List the prime factors of 475565.
5, 227, 419
What are the prime factors of 8098801?
29, 279269
List the prime factors of 118376.
2, 14797
List the prime factors of 4139158.
2, 71, 103, 283
List the prime factors of 95681.
163, 587
List the prime factors of 4292403.
3, 1430801
What are the prime factors of 187753?
191, 983
What are the prime factors of 186549?
3, 11, 5653
What are the prime factors of 6314728?
2, 7, 89, 181
What are the prime factors of 6360898?
2, 1709, 1861
List the prime factors of 25125716.
2, 7, 11, 29, 97
What are the prime factors of 2322976?
2, 229, 317
What are the prime factors of 392279?
392279
List the prime factors of 8285923.
331, 25033
What are the prime factors of 372604?
2, 93151
List the prime factors of 223982.
2, 11, 10181
List the prime factors of 333141.
3, 293, 379
What are the prime factors of 1250435?
5, 17, 47, 313
List the prime factors of 943726.
2, 7, 67409
List the prime factors of 1370068.
2, 7, 167, 293
What are the prime factors of 103958?
2, 59, 881
What are the prime factors of 1528351?
11, 17, 743
What are the prime factors of 459059?
19, 37, 653
List the prime factors of 2071055.
5, 7, 47, 1259
List the prime factors of 154585.
5, 43, 719
List the prime factors of 9098001.
3, 11, 10211
List the prime factors of 361184.
2, 11287
List the prime factors of 1455014.
2, 11, 66137
List the prime factors of 1351799.
1351799
List the prime factors of 123967.
53, 2339
List the prime factors of 6461718.
2, 3, 1076953
List the prime factors of 5713966.
2, 1291, 2213
List the prime factors of 65715.
3, 5, 13, 337
List the prime factors of 104993.
7, 53, 283
List the prime factors of 6115814.
2, 719, 4253
List the prime factors of 164923.
11, 29, 47
List the prime factors of 34340426.
2, 23, 746531
What are the prime factors of 971460?
2, 3, 5, 7, 257
List the prime factors of 3291982.
2, 17, 96823
What are the prime factors of 92355?
3, 5, 47, 131
What are the prime factors of 761305?
5, 107, 1423
List the prime factors of 2858392.
2, 431, 829
List the prime factors of 6594963.
3, 17, 129313
List the prime factors of 572922.
2, 3, 7, 4547
List the prime factors of 3081626.
2, 1540813
List the prime factors of 1815014.
2, 907507
List the prime factors of 689610.
2, 3, 5, 127, 181
What are the prime factors of 4847677?
79, 61363
List the prime factors of 7280903.
7, 23, 41, 1103
List the prime factors of 8820063.
3, 7, 23, 2029
What are the prime factors of 263432?
2, 13, 17, 149
List the prime factors of 159816.
2, 3, 6659
What are the prime factors of 628977?
3, 209659
What are the prime factors of 22894418?
2, 11447209
What are the prime factors of 73365?
3, 5, 67, 73
List the prime factors of 205029.
3, 11, 19, 109
List the prime factors of